39?
547
Calculate the greatest common factor of 24801 and 28.
7
Calculate the highest common divisor of 550548 and 168.
12
Calculate the greatest common divisor of 499 and 5293891.
499
What is the greatest common divisor of 957 and 216?
3
What is the greatest common divisor of 475771 and 426?
71
What is the highest common divisor of 56 and 1258558?
14
What is the highest common factor of 2068 and 80370?
94
Calculate the highest common factor of 575172 and 3.
3
Calculate the greatest common divisor of 19865 and 58.
29
What is the highest common divisor of 5993 and 422737?
461
Calculate the highest common divisor of 330 and 106770.
30
What is the highest common divisor of 646605 and 21?
3
What is the greatest common divisor of 71 and 159821?
71
Calculate the highest common divisor of 13282 and 290.
58
What is the greatest common factor of 7 and 280427?
7
What is the greatest common divisor of 2139 and 536703?
93
What is the greatest common divisor of 1884525 and 75?
75
What is the greatest common factor of 240179 and 133?
19
Calculate the highest common divisor of 2401 and 880824.
343
What is the highest common factor of 11560 and 1360?
680
Calculate the greatest common divisor of 232 and 18296.
8
What is the greatest common factor of 1420362 and 24?
6
What is the highest common factor of 25190 and 2530?
110
Calculate the greatest common divisor of 196 and 4844.
28
Calculate the greatest common factor of 56 and 527968.
56
Calculate the greatest common divisor of 766601 and 22.
11
Calculate the greatest common divisor of 204 and 2143938.
102
Calculate the greatest common factor of 8800 and 682.
22
Calculate the greatest common factor of 21373 and 4288.
67
Calculate the highest common divisor of 15815 and 15.
5
What is the greatest common divisor of 35 and 53765?
5
Calculate the greatest common divisor of 32685 and 1185.
15
What is the highest common divisor of 30687 and 18391?
53
What is the greatest common factor of 69 and 153?
3
Calculate the highest common divisor of 43010 and 460.
230
Calculate the highest common divisor of 984310 and 514.
514
Calculate the highest common divisor of 53150 and 1190.
10
Calculate the greatest common factor of 5031 and 351.
117
Calculate the greatest common divisor of 15870 and 966.
138
What is the highest common divisor of 290005 and 775?
155
What is the highest common divisor of 171 and 32167?
19
What is the highest common factor of 2451 and 116964?
57
What is the greatest common factor of 5900 and 2100?
100
Calculate the highest common factor of 150 and 254550.
150
What is the greatest common divisor of 78698 and 12274?
722
What is the greatest common factor of 28 and 22498?
14
What is the greatest common factor of 173 and 592871?
173
What is the highest common factor of 589 and 18011?
31
Calculate the greatest common divisor of 5966879 and 37.
37
Calculate the highest common factor of 12339 and 19089.
27
Calculate the highest common factor of 1110352 and 464.
464
Calculate the highest common divisor of 1768 and 139048.
104
Calculate the greatest common divisor of 54 and 430299.
27
Calculate the highest common divisor of 104092 and 3021.
53
Calculate the greatest common divisor of 8772 and 4988.
172
Calculate the greatest common divisor of 1692 and 210513.
141
Calculate the highest common divisor of 1220 and 37540.
20
What is the highest common divisor of 102576 and 1824?
48
Calculate the highest common factor of 23374 and 9425.
377
What is the highest common factor of 6 and 13478?
2
Calculate the highest common divisor of 13383 and 45.
9
Calculate the highest common factor of 594 and 288321.
33
What is the greatest common factor of 123 and 7093?
41
What is the highest common factor of 470070 and 5940?
270
What is the highest common factor of 14053 and 598?
299
Calculate the highest common factor of 60386 and 436.
218
What is the highest common factor of 30 and 37130?
10
What is the highest common divisor of 560 and 14672?
112
What is the highest common factor of 416 and 2686368?
32
What is the highest common factor of 1089 and 66726?
99
Calculate the greatest common factor of 77765 and 5.
5
Calculate the highest common factor of 125760 and 1048.
1048
Calculate the greatest common factor of 289681 and 812.
203
What is the highest common divisor of 4201098 and 106?
106
What is the greatest common factor of 287569 and 23?
23
Calculate the greatest common factor of 231288 and 1288.
184
Calculate the highest common factor of 51 and 1981554.
51
Calculate the greatest common factor of 192 and 7360.
64
Calculate the greatest common divisor of 398243 and 101.
101
Calculate the highest common factor of 4855305 and 182.
91
Calculate the highest common factor of 99342 and 72.
18
Calculate the highest common factor of 272 and 3077.
17
Calculate the greatest common factor of 419440 and 14.
14
Calculate the highest common factor of 2332 and 2387.
11
Calculate the highest common divisor of 16 and 3137.
1
What is the greatest common factor of 1518 and 5918?
22
What is the highest common factor of 45967 and 3440?
43
What is the highest common divisor of 882 and 19159?
49
What is the highest common divisor of 16147 and 4097?
241
Calculate the greatest common divisor of 219725 and 2992.
187
Calculate the greatest common factor of 64 and 251824.
16
What is the greatest common divisor of 80359 and 841?
29
What is the highest common factor of 556 and 208222?
278
Calculate the highest common factor of 66042 and 198.
18
What is the highest common divisor of 79 and 108151?
79
Calculate the highest common factor of 244 and 123220.
244
Calculate the highest common factor of 1995 and 1001205.
285
What is the greatest common factor of 4366869 and 246?
123
What is the highest common factor of 245640 and 240?
120
What is the highest common divisor of 10 and 9491?
1
What is the highest common divisor of 33510 and 570?
30
What is the highest common factor of 1054 and 544?
34
Calculate the greatest common factor of 431316 and 171.
9
What is the highest common divisor of 33 and 6042795?
33
What is the greatest common divisor of 98723 and 11029?
269
What is the highest common divisor of 629 and 51?
17
What is the greatest common divisor of 12016 and 7456?
16
Calculate the highest common factor of 8124 and 48.
12
What is the highest common divisor of 116 and 1173920?
116
What is the greatest common divisor of 1260 and 750?
30
What is the greatest common divisor of 29394 and 3036?
138
Calculate the highest common divisor of 578 and 12189.
17
Calculate the greatest common factor of 140 and 20552.
28
What is the greatest common divisor of 66356 and 626?
626
Calculate the highest common divisor of 89856 and 108.
108
What is the greatest common divisor of 15 and 41505?
15
What is the greatest common divisor of 330 and 2950?
10
Calculate the greatest common factor of 290488 and 88.
88
Calculate the highest common factor of 1200 and 93375.
75
What is the highest common factor of 2880 and 7640?
40
What is the greatest common divisor of 50 and 695550?
50
What is the highest common factor of 129688 and 20984?
344
What is the greatest common factor of 4046 and 7154?
14
What is the highest common factor of 2400 and 19860?
60
What is the greatest common factor of 15 and 174?
3
What is the greatest common factor of 28088 and 56?
8
What is the greatest common divisor of 2040166 and 1684?
842
What is the greatest common divisor of 9950 and 1350?
50
Calculate the highest common factor of 32234 and 5822.
142
What is the greatest common divisor of 250 and 1478875?
125
Calculate the greatest common factor of 215 and 731.
43
What is the highest common divisor of 96254 and 119?
17
Calculate the highest common divisor of 380046 and 1746.
582
Calculate the greatest common factor of 166352 and 2529.
281
What is the greatest common divisor of 9 and 4053042?
9
Calculate the greatest common divisor of 22 and 5176655.
11
What is the highest common divisor of 61642 and 391?
17
What is the highest common factor of 16107 and 5187?
273
What is the greatest common factor of 12 and 1059102?
6
Calculate the highest common factor of 9 and 7551.
9
Calculate the greatest common factor of 93946 and 2996.
214
Calculate the greatest common factor of 1722 and 5570670.
1722
Calculate